 Suppose l*b - 24 = 2*t - 8, 4 = 4*b - 5*t. What is the units digit of b?
6
Let p = 4 + 34. What is the units digit of p?
8
Suppose -4*c = 25 - 9. What is the tens digit of (-109)/c + (-3)/12?
2
Let j(c) = -c + 9. Let l = 17 - 10. What is the units digit of j(l)?
2
Let c be (-4)/(-26) + 14/(-91). Suppose c = s - 4, 58 = 4*a - a + 4*s. What is the units digit of a?
4
Suppose -4*m + 3 = -13. Suppose -12 = c - m*c. What is the units digit of c?
4
Suppose 2*j + 9 = -5*s - 12, 4*s = 3*j - 26. Let o(y) = 4*y**2 + 4*y + 3. Let l be o(-2). What is the tens digit of l*(4/j)/2?
1
Suppose 0 = -m - 0*m - 2. What is the units digit of ((-1)/m)/(5/40)?
4
Suppose o - 23 + 19 = 0. Let w be (-4)/((0 - -1) + 0). What is the units digit of 0 - -1 - (o + w)?
1
Let o be (-27)/12 + 3/12. What is the units digit of (o + 1)*1 + 10?
9
Let a = -2 + -1. What is the units digit of -1 + (-1*18)/a?
5
Suppose -2*s + 4 = -0*s. Suppose 5*h = s*r + 51, h + 0*h - 5*r = 1. What is the units digit of h?
1
Let b = 169 + -121. What is the tens digit of b?
4
Suppose 0 = 2*z - 3*z + 5. Suppose z = h + 2. Suppose -40 = -h*m + 2. What is the tens digit of m?
1
Suppose 2 = 3*h - 4. Suppose -l = -4*v + 68, h*v = v + 3*l + 17. What is the units digit of v?
7
Let r(b) = b**2 + b + 2. Let p be r(0). What is the tens digit of (-60)/p*4/(-12)?
1
Suppose -5*o + 2*o = -18. Let i = 4 - o. What is the units digit of (-42)/i*4/6?
4
Suppose -5*p - 43 + 8 = 0. Let l = 1 + p. Let t = -5 - l. What is the units digit of t?
1
Let o(p) = -2*p**3 + 3*p**2 + p + 3. Let j(l) = -3*l**3 + 7*l**2 + 2*l + 6. Let v(n) = 3*j(n) - 5*o(n). What is the tens digit of v(-5)?
2
Let w(g) = -g**3 - 7*g**2 + 4. Let z be w(-7). Suppose -z*m = -6 - 2. Suppose 0 = -3*j + 2*u + 12, -j + m*u = 3*j - 18. What is the units digit of j?
6
Suppose -w - 4 = -4*b - 18, 3*b - 24 = -5*w. Suppose -2*j + w = j, t - 21 = -j. What is the units digit of t?
9
Let y be 1 + 5 + 12/(-3). Suppose -y*i + i = -43. What is the units digit of i?
3
What is the tens digit of -2*2/4*-39?
3
Let j = 12 + 24. What is the tens digit of j?
3
Suppose r - 37 = 3*u - 0*r, -3*u - 35 = -2*r. What is the tens digit of (-1)/(1 - u/(-12))?
1
Suppose n + n = 26. Suppose -2*b + 2*d + 3 + n = 0, 5*b = d + 24. Suppose 2 - 3 = -2*a - 3*j, -b*a + 7 = j. What is the units digit of a?
2
Suppose -2*v + 4*l + 20 = 0, -v + 2 = 2*l - 4. What is the units digit of v?
8
Let t be (4 - 1)*(1 + 0). Suppose -5*w + n + 33 = 0, -3*n = -3*w + 5*w - t. Suppose w - 34 = -4*r. What is the units digit of r?
7
Let y be (8/6)/((-6)/(-9)). Let p = y + 4. What is the units digit of p?
6
Let w = 9 + -14. Let z = -2 - w. What is the units digit of z?
3
Suppose 15 = -3*s, -6*z - 4*s - 38 = -3*z. Let q be 1/(-2) + 3/z. What is the units digit of (1 - 6)/(q + 0)?
5
Let h(y) = 4*y + 41. What is the tens digit of h(0)?
4
Let x(d) = d**3 + 8*d**2 - d - 3. Let l be x(-8). Let w = l + -5. Let v(r) = -r + 10. What is the units digit of v(w)?
0
What is the units digit of ((-23)/2 + 0)*-2?
3
Suppose 0*z + 15 = 5*z. Suppose o = -z*o. What is the units digit of (-1)/(3/(o - 6))?
2
Let s(r) = r**3 + 4*r**2 - 7*r - 3. Let z be s(-5). Suppose -v + 2*w - z = -22, -3*w + 23 = 5*v. Let u = v - -4. What is the tens digit of u?
1
Suppose -296 = -2*k - i, 3*k + 4*i = 2*k + 148. What is the tens digit of k?
4
What is the tens digit of 1*-3 + (60 + 3)/3?
1
Suppose 3*c = -0*c - 45. What is the units digit of (36/c)/(6/(-20))?
8
Let w(u) = -u**2 + 4*u - 1. Let i be 2 + 1 + 0 - 0. Let s be w(i). Suppose l + l = s. What is the units digit of l?
1
Let f = -2 - -5. Suppose -f*t = -6 - 0. Suppose -t = c + p - 19, -c = 3*p - 27. What is the tens digit of c?
1
Let c(v) = v - 10. Let q be c(5). Let l be 1*(-2)/q*35. Suppose -5*x + 9 - 2 = 4*j, -2*x + l = -4*j. What is the units digit of x?
3
Suppose -2*x = y - x - 4, -3*y + 17 = 2*x. Suppose -4*c + y*c - 15 = 0. What is the units digit of c?
3
Let k(i) = i**2 + 7*i - 19. What is the tens digit of k(-12)?
4
Let y(r) = -6*r**2 - 8*r + 1. Let a(t) = 11*t**2 + 15*t - 1. Let l(o) = 4*a(o) + 7*y(o). What is the units digit of l(-2)?
3
Suppose -2*l - 4*h + 218 = 0, 0*l - 590 = -5*l - h. What is the tens digit of l?
1
Let m(w) = -5*w**3 - 2*w**2 - 2*w - 1. Let d be m(-1). Suppose 0 = -3*l + d + 44. What is the tens digit of l?
1
Suppose 4*r + 0*o = -o + 37, 5*r - 2*o - 56 = 0. Let p = 29 + r. Suppose 3*g = 3 + p. What is the tens digit of g?
1
Let n(a) = 14*a + 3. What is the units digit of n(6)?
7
Suppose -97 = -3*k + 4*p + 31, -k = -p - 43. Let q = -16 + k. What is the units digit of q?
8
Suppose 2*o = 32 + 84. What is the units digit of o?
8
Let f = 2 - -2. Suppose -2*o + y = -78, 0*o + f*o - 128 = -5*y. What is the units digit of o?
7
What is the tens digit of (1384/(-4))/(-2) - (-4 + 2)?
7
What is the units digit of 1/(6/1498) + 3/9?
0
Suppose 1 = -3*n + 31. What is the units digit of n?
0
Suppose 0 = -3*k + 3*h + 24, 5*k - 3*h - 13 = -7*h. Suppose 0 = k*j + 3*f - 3 - 2, f + 1 = j. What is the units digit of j?
1
Let x = -4 + -1. What is the units digit of (-1)/(-3)*(1 - x)?
2
Let l(s) = s**2 - 2*s. Let a(g) = -g. Suppose 4*p + 12 = -5*d, d + p = 6*d + 22. Let j be a(d). What is the units digit of l(j)?
8
What is the units digit of (20/(-25))/(6/(-15))?
2
Suppose l = -4*l. Suppose l = -2*d + 4*p - 7*p + 37, -3*p - 83 = -4*d. What is the units digit of d?
0
Let m(g) = 6*g - 3. What is the tens digit of m(5)?
2
Let u(v) = -v**2 + 2*v + 7. Let y be u(5). Suppose 0 = h - 2*t - 4, 2*h - 5*t - 11 = -h. What is the units digit of (-1)/h*(0 + y)?
4
Let u = 3 + -1. Suppose -u*p = p. Suppose p = i - 4*i + 12. What is the units digit of i?
4
Let p be (2/5)/(2/20). Suppose -3*h - 5*j + 1 = -p, 7 = h - j. What is the units digit of (4/h)/((-2)/(-20))?
8
What is the hundreds digit of -4 - -8 - (-3)/((-6)/(-256))?
1
Let o(x) = -x**2 + 5*x + 1. Let t be o(4). Suppose t*n = -0*n + 55. Let l = 16 - n. What is the units digit of l?
5
Suppose -3*d - 86 = -5*d. What is the tens digit of d?
4
What is the units digit of (-1)/(4/(-112)) - 4?
4
What is the units digit of 7/((-7)/(-12)) - 3?
9
What is the tens digit of -3*(-33)/9 - -2?
1
Let j(r) = -r**3 - 4*r**2 - 4*r + 5. Let u(k) = k**2 - 9*k - 7. Let g be u(10). Suppose -3*t - 2*s - 4 = 0, s = -g*t + 2*s - 16. What is the tens digit of j(t)?
2
Suppose -3*z + 39 = 4*o, -5 = -o + 5*z - z. Let u be 2 - (-3 + o/3). Suppose 0 = -x + 2 + u. What is the units digit of x?
4
Let b(u) = u + 2. Let f be b(-5). Let s be 7 - 1 - (0 + 3). What is the tens digit of f + ((-135)/(-3))/s?
1
Suppose 0 = 2*q, -2*q = -3*k - 0*k + 15. Suppose k*t - 25 = 0, -2*m - 2*t + 33 + 17 = 0. What is the units digit of m?
0
Suppose 3*v - i + 5 = v, 2*v = 2*i - 10. Suppose -3*z + 6 = v, -4*z = -j - 3*z. Suppose j*k - 75 = -3*k. What is the tens digit of k?
1
Suppose -16*q - 230 = -21*q. What is the units digit of q?
6
Suppose -3*d + 0*d = 0. Let q be (-3)/(-3 + 2 + d). Suppose -18 = -q*b - 0*b. What is the units digit of b?
6
Suppose -2*s - 4*z - 2 = 0, 3*s + 3 = z - 0. Let k(q) = -9*q. What is the units digit of k(s)?
9
What is the units digit of (-30)/(-42) + (-10)/(-35)?
1
Let l be -2 + 4 - 2*-1. Suppose l*t = 4*s + 2 + 34, -2*t + 38 = 3*s. What is the units digit of t?
3
What is the hundreds digit of (2/3)/(4/1074) + 4?
1
Suppose 2*n + 3 - 7 = 0. Suppose 0 = -4*s + j + 8, 3*s - n*j = 4*s - 11. Let b = 9 + s. What is the tens digit of b?
1
Suppose -4*o - 3*a + 121 = 0, 0*o + o + 4*a - 14 = 0. What is the units digit of o?
4
What is the units digit of (1/2)/((-2)/(-24))?
6
Let u(l) = l**3 + 7*l**2 + 1. What is the units digit of u(-7)?
1
Suppose 0 + 9 = 3*u. Suppose -u*c + 6*c = 27. What is the units digit of c?
9
What is the hundreds digit of (12/(-9))/(5/((-3735)/6))?
1
Suppose -3*m = -9 - 6. Let l(f) = -5*f - 7. Let g be l(-5). Suppose m*o = 4*p - g, -p + 3*o = -2*p - 4. What is the units digit of p?
2
Let d(s) = s**2 + 11*s + 39. What is the hundreds digit of d(-16)?
1
Suppose 3*w + 3 = -9. Let r(g) = g**3 + 4*g**2 - 2*g - 6. What is the units digit of r(w)?
2
Let n(x) = 19*x - 1. Let c be n(-2). What is the tens digit of (c/(-9))/(-1)*-3?
1
Let t(h) = h**2 + 0*h - 3*h + h**3 + 6 + 4*h. Suppose 4*d + 6 = -2*m + 18, -5*d = m - 15. What is the units digit of t(m)?
6
Let v(q) = 